.
47
Let h(w) = -w**3 - 4*w**2 + 6*w + 5. Let j be h(-5). Suppose j*q = 5*q - 25, 3*q = -4*m + 35. Calculate the highest common factor of 35 and m.
5
Suppose 3*g = 5*j - 77, -2*g + 64 = 4*j - 5*g. Calculate the highest common factor of 13 and j.
13
Let z(y) = -44*y - 10. Let x(u) = -9*u - 2. Let t(v) = -11*x(v) + 2*z(v). Let l be t(2). What is the greatest common divisor of l and 16?
8
Let s be 149/3 - 1/(-3). Calculate the greatest common factor of 125 and s.
25
Let m be (116/6)/((-10)/(-75)). Calculate the greatest common divisor of m and 29.
29
Let r = 142 + -126. Calculate the greatest common factor of 4 and r.
4
Let s be (8/10)/(2/15). Suppose 2*b - 5*i = 266, -4*b + 2*i + 504 = 6*i. Let v be (-4)/(-6) + b/s. What is the greatest common factor of 242 and v?
22
Let x be (0 - -1)*(-3 + 5). Let n(o) = -68*o + 2. Let b be n(x). Let d = b - -194. What is the greatest common divisor of d and 12?
12
Let w be 0*(2 + (-2)/2). Suppose 2*p + 0*p - 56 = w. Calculate the highest common divisor of p and 42.
14
Suppose -2*i = -3*h + 3*i - 42, 3*i - 70 = 5*h. Let d = h + 29. What is the greatest common factor of 90 and d?
15
Suppose -4*y = 5*y - 180. What is the greatest common divisor of y and 5?
5
Suppose -4*d + 0*d + 112 = 0. What is the greatest common divisor of 84 and d?
28
Suppose n - 13 + 9 = 0. What is the highest common factor of n and 28?
4
Suppose -t + 3*w = -69, -2*t + 8*w = 3*w - 133. Suppose 4*j - 234 = t. What is the highest common factor of j and 36?
36
Let d be (-196)/(-11) - (-8)/44. What is the greatest common divisor of 9 and d?
9
Let v be (46*3/6)/1. What is the highest common factor of 46 and v?
23
Suppose 5*r + 2*f - 40 = 0, -3*r + 2*r + 20 = -2*f. Suppose o - 6*o = -4*t + 335, 2*t + 3*o - 195 = 0. What is the greatest common factor of r and t?
10
Suppose -3*h - 2*h - 210 = 0. Let s be (-936)/h + (-4)/14. Calculate the greatest common factor of 2 and s.
2
Let o = 26 + -23. Suppose 5*i - 30 = o*i. What is the greatest common divisor of 135 and i?
15
Suppose -2*i + 16 = g - 42, 0 = -3*g + 6. What is the highest common factor of 14 and i?
14
Let s be 4/(3/(90/4)). Suppose 5*q - s - 55 = 0. What is the greatest common divisor of 119 and q?
17
Let c be 2/6 - 214/(-6). Suppose 2*d - 2*q - 100 = 0, 4*d + 0*q + q - 220 = 0. Calculate the highest common divisor of c and d.
18
Suppose -35 = -7*x + 3*x + o, -25 = -5*o. Suppose 0 = -4*h - 3*q + 14, -h - 3*h + 18 = q. Calculate the greatest common divisor of x and h.
5
Let q(m) = m**2 - 8*m - 13. Let u = -8 + 5. Let k = 8 - u. Let d be q(k). Calculate the greatest common divisor of 5 and d.
5
Let v = -10 + 22. Suppose -48 = -4*s + 4*a + 48, -3*s + 73 = -2*a. Let x = -13 + s. What is the highest common divisor of x and v?
12
Let k be (1 - 0)*(-10 - -26). Let l be k + 3 + (-1 - 2). Calculate the highest common divisor of l and 16.
16
Let c be 1628/110 + (-2)/(-10). What is the highest common divisor of 240 and c?
15
Let v(c) = -1 - c + 2*c**2 + 5*c**2 - 2*c**3 + c**3 - 3. Let a be v(5). Let q = -22 + a. What is the greatest common divisor of 38 and q?
19
Let j = -78 + 206. Let d(t) = -t. Let y be d(6). Let l be ((-8)/y)/(2/24). Calculate the greatest common factor of j and l.
16
Suppose 100 = -3*h - 2*h. Let f = 30 + h. What is the greatest common factor of 30 and f?
10
Let p be ((-45)/4)/(5/(-60)). Calculate the highest common divisor of p and 15.
15
Let q be (-2*5/(-10))/((-1)/(-5)). Calculate the greatest common factor of 65 and q.
5
Suppose 5*s - 788 = s. Let d = -131 + s. What is the greatest common factor of d and 22?
22
Suppose -6*s + 2 = -8*s. Let j be (3/s)/(3/(-70)). Calculate the highest common factor of j and 28.
14
Suppose 30 = -0*u + 3*u. Let a = u - 5. Let v be (-454)/(-18) - (-6)/(-27). What is the greatest common divisor of a and v?
5
Suppose 2 = -3*m - 1. Let f be (m - 0)/(-1) - -7. What is the highest common divisor of 8 and f?
8
Let a(u) = -6*u - 38. Let z be a(-11). What is the greatest common factor of 28 and z?
28
Let f be ((-3 - -3)/3)/1. Suppose f = 2*u - 4*m - 16, 5*u + 0*m = -3*m + 53. What is the greatest common divisor of u and 15?
5
Let p(i) be the second derivative of -9*i**3/2 + 3*i**2/2 - 3*i. Let g be p(-6). What is the greatest common divisor of 15 and g?
15
Let c be 1/2 + (-2)/4. Suppose 5*p - 5*r - 375 = 0, -4*p + 2*r + 265 = 5*r. Suppose -p = -c*y - 5*y. What is the greatest common divisor of 126 and y?
14
Suppose 5*j = 2*j + 39. Let v be 0*(-1 + 2)/2. Suppose v = 4*f - 2*l - 54, -5*l + 28 = 5*f - 32. Calculate the highest common divisor of j and f.
13
Suppose 5*m = 2*m + 2*o + 159, 0 = m + o - 58. Calculate the highest common divisor of m and 11.
11
Suppose -3*z = 2*d - 119, 271 = 4*d - 7*z + 2*z. Let n be 6/(-4)*(-32)/3. Calculate the greatest common divisor of n and d.
16
Let i(a) = -a + 1. Let p be i(-1). What is the highest common divisor of p and 10?
2
Let b be (-192)/(-18)*(3 - 0). What is the highest common divisor of 16 and b?
16
Let a be 2/(-1)*(-10)/4. Let k(q) = -6*q - 18. Let s be k(-12). Suppose -5*n + 71 = -s. Calculate the greatest common factor of n and a.
5
Let k(q) = -q**3 + 6*q**2 + q - 3. Let n be k(6). Let j = n - 2. Let r be (j/(-2))/(5/(-80)). What is the highest common divisor of 32 and r?
8
Let l = -24 + 30. Let w(u) = -u + 6. Let c be w(5). Let f(z) = 6*z. Let q be f(c). What is the greatest common divisor of q and l?
6
Let f = 6 + -2. Suppose -3*u + 68 + 4 = f*g, 3*g - 29 = 4*u. What is the greatest common divisor of 45 and g?
15
Suppose 0 = g - 5*g + 36. Calculate the greatest common factor of g and 72.
9
Let k = -19 - -20. Calculate the greatest common factor of 1 and k.
1
Let u(y) = -2*y - 5. Let g be 12/(-18) + (-17)/(-3). Let c be u(g). Let d be c/(-2)*6/3. Calculate the greatest common divisor of 60 and d.
15
Let m(s) = 2*s + 3. Let h be m(-2). Let y be h/(-6) + 377/6. Suppose 0 = -0*t - 5*t + 45. Calculate the greatest common divisor of t and y.
9
Let d(p) = -p**3 + 12*p**2 + 7*p - 7. Let f be d(12). What is the greatest common divisor of f and 11?
11
Let r(c) = -c**2 - c - 1. Let t be r(-1). Let w be t/((-34)/(-35) - 1). Calculate the highest common factor of 14 and w.
7
Let u = 56 - 16. What is the highest common factor of u and 10?
10
Let z = 0 - -8. Let c(p) = 5*p + 2. Let t be c(z). What is the highest common factor of 105 and t?
21
Let g be (-104)/(-3) + 16/12. What is the greatest common divisor of 9 and g?
9
Let q(d) = 5*d**2 + 27*d. Let m be q(-8). Calculate the highest common factor of m and 8.
8
Suppose 3*u - 74 = -5. Calculate the highest common factor of 23 and u.
23
Suppose 0 = 2*a - 2, -h - 3*h + 510 = -2*a. Let r = 27 - 11. Calculate the greatest common divisor of h and r.
16
Let m be (-1 - -6)*4/10. Suppose m*j + 5 = 3*w, 0 = 4*j + 2*w + 2*w. Let f be (j/3)/(2/(-6)). What is the highest common divisor of 5 and f?
1
Let j be (-4)/(-18) + 16/9. Suppose -j*x = -2*q + 354, 5*x = 2*q - 192 - 165. Calculate the greatest common divisor of q and 16.
16
Let z = 47 + -23. Calculate the greatest common factor of 12 and z.
12
Suppose 111 + 57 = 4*f. What is the greatest common divisor of 12 and f?
6
Suppose -10 = -3*k + 209. Let d(b) = -21*b + 1. Let o be d(-2). Let i = k - o. What is the greatest common divisor of i and 75?
15
Suppose 0 = 5*z + 175 + 705. Let t = 269 + z. Let d = t - 51. Calculate the highest common factor of 6 and d.
6
Let p(l) = -1 - 4*l + 10 + 0*l + 0*l. Let t be p(-9). Suppose 0 = m + m - 36. What is the highest common factor of t and m?
9
Let a be 3/(-2 + -1)*(-29 - 1). What is the highest common factor of a and 40?
10
Suppose 2*u = 7*u. Suppose u = 3*f - 4*f - 2*j + 28, -3*f + 72 = 2*j. Calculate the highest common factor of 55 and f.
11
Suppose -2*g - 2*u = -0*g - 104, -g - 5*u + 64 = 0. Calculate the highest common divisor of g and 14.
7
Let a(w) = 3*w - 1. Let n be a(7). What is the greatest common divisor of n and 4?
4
Let o(j) = -j**2 - 5*j - 1. Let x be o(-2). Suppose 0 = -3*b + x*l - 7, -6*b + 2*b + 10 = 3*l. Calculate the highest common divisor of 11 and b.
1
Let y be -5*(-2 - -2 - -38). Let k = y + 267. What is the highest common divisor of k and 11?
11
Suppose 23 + 37 = 3*v. Suppose i + 2*x = -i + 10, 0 = -3*i + 3*x - 9. Let g be i*9 - (-3 + 4). What is the greatest common factor 